t are the prime factors of k?
2
Let v(m) = -m**3 + m**2 + m + 4. Let o be v(0). What are the prime factors of 5*o*4/16?
5
Let n = 22 - 13. List the prime factors of n.
3
Suppose 3*p = -3*w, 2*w + w = -4*p. Suppose -3*c - 23 = -32. Suppose -n + c*a - 2 = p, -4*n - 3*a = a - 56. What are the prime factors of n?
2, 5
Suppose 0 = -4*k - 19 + 67. List the prime factors of k.
2, 3
Let q = 39 + -21. List the prime factors of q.
2, 3
Suppose 10*j = 19*j - 2925. List the prime factors of j.
5, 13
Let x(g) = g + 3. Let h be x(0). Suppose -c + 12 + h = 0. List the prime factors of c.
3, 5
Suppose 39 = -3*r - 2*g, 2*g + 64 = -5*r - g. Let z = r + 15. What are the prime factors of z?
2
Let l(j) = j**3 - 4*j**2 + 3*j. What are the prime factors of l(6)?
2, 3, 5
Let g(d) = -d**2 - 12*d - 7. Let u be ((-20)/60)/((-1)/(-21)). List the prime factors of g(u).
2, 7
Suppose 3*j + 0 = w - 14, 3*w - 5*j = 26. What are the prime factors of w + (-4 + 0 - -14)?
2, 3
Suppose 1 + 9 = v. Let n be 50/2 + -1 - 1. Let r = n - v. List the prime factors of r.
13
Let h(d) = -2*d**3 - 2*d**2 - 5. What are the prime factors of h(-3)?
31
Let d = 29 + -7. What are the prime factors of d?
2, 11
Suppose -226 = -r - 21. List the prime factors of r.
5, 41
Let x = 113 + -27. Let n be 3/9 - x/(-3). Suppose -5*r - s = -2*s - n, 2*s - 32 = -5*r. What are the prime factors of r?
2, 3
Let r(v) = 12*v - 4. What are the prime factors of r(6)?
2, 17
Suppose -5*d - 7 = -32. Suppose d*r - 65 = h, -5*h + h = -r + 32. List the prime factors of r.
2, 3
Let h(y) = y**3 + 11*y**2 - y - 9. Let f be h(-11). Suppose -4*x + 24 = 4*l - 0*x, 3*x = -f*l + 13. List the prime factors of l.
5
Let l = -7 - -27. Suppose -l = -5*g - 50. Let y = 10 + g. What are the prime factors of y?
2
Suppose 2*k = 3*j + 8 + 8, 5*k - 57 = -j. List the prime factors of k.
11
Let f be (-34)/(-1) - (3 + -1). Suppose -31 = -3*l + f. Suppose -5*w + 2*w = -l. List the prime factors of w.
7
Let l(b) = b**2 + 9*b - 2. Suppose -5*r - 24 = 26. List the prime factors of l(r).
2
Let s(y) = y + 1. Let i(m) = 6*m. Let j(u) = -i(u) - 3*s(u). Let k be j(-2). Suppose k = -w + 4*w. List the prime factors of w.
5
Suppose -2*z - 32 = -2*j + 2*z, 0 = 2*j - z - 44. List the prime factors of j.
2, 3
Suppose k + 0*k + 2 = 0, -2*q - 5*k + 210 = 0. List the prime factors of q.
2, 5, 11
Let f(u) = u**2 + 7*u + 4. Let j be f(-8). Suppose 0 = -2*s + j + 18. Suppose 2*p - 7 - s = 4*l, p = 4*l + 17. What are the prime factors of p?
5
Let p(r) = -1 + 3*r - 8*r - 3*r. List the prime factors of p(-1).
7
Let v(n) = 5*n**2 - 1. Let t be v(-1). Let q(k) = -2*k + 6. Let c(p) = -4*p + 13. Let r(h) = 2*c(h) - 5*q(h). What are the prime factors of r(t)?
2
Let s(v) = v**2 + 12*v + 5. Let f be s(-13). Let j = f - 4. What are the prime factors of j?
2, 7
Let d = -43 + 83. List the prime factors of d.
2, 5
Suppose -h = -3*u - 0*h + 13, 5*u - 27 = 3*h. Suppose -4*d - u*n = 2*n - 20, n = 0. List the prime factors of d.
5
Let l(o) = -o**2 - o - 1. Let s(x) be the third derivative of 7*x**5/60 + 5*x**4/24 + x**3/2 - x**2. Let v(k) = 6*l(k) + s(k). List the prime factors of v(-3).
3
Let u = -2 + 27. List the prime factors of u.
5
Let h(v) = -v**3 - 4*v**2 - v - 12. List the prime factors of h(-7).
2, 71
Let i(n) = -29*n**3 - n**2 + 2*n + 2. List the prime factors of i(-1).
2, 7
Let x = 10 - 4. List the prime factors of x.
2, 3
Let h(r) = 2*r**2 + 5*r - 5. Suppose -3*s - 4*z + 7*z - 21 = 0, -3*z = -4*s - 28. List the prime factors of h(s).
2, 29
Suppose 5*f = 5*p + 25, 2*p + 5*f - 2 = 9. Suppose -4*z + o - 19 = 0, 0*o - 10 = 4*z + 2*o. List the prime factors of (8/z)/(p/8).
2
Let p = 6 + 58. List the prime factors of p.
2
Suppose -5*o + 3*f + 20 = -2*f, 3*f + 14 = 4*o. What are the prime factors of o?
2
Suppose 4*t - 80 = -t. What are the prime factors of t?
2
Let h be 2/(-5) - (-16)/(-10). Let k(n) = 2*n + 4 + 4*n**2 - 7 + 3. What are the prime factors of k(h)?
2, 3
Let n be 136/6*9/6. Let r = n + -23. What are the prime factors of r?
11
Let d(b) = b**2 - 4*b + 4. Let a(w) = w**2 - 4*w - 6. Let m be a(5). Let s be 10/(-4)*m*2. What are the prime factors of d(s)?
3
Suppose -5*v - 15 = 10. Let u(y) = -3*y - 9. What are the prime factors of u(v)?
2, 3
Suppose 4*p - 3*n = -6*n - 35, -5*p - 35 = 2*n. Suppose 0 = 4*f - 5*o + 24 - 1, 4*o - 6 = -3*f. List the prime factors of 87/5 - f/p.
17
Let m(d) = 56*d**2 + 2*d. What are the prime factors of m(-1)?
2, 3
Let i(l) = -2*l**3 + 2*l**2 + 2*l - 1. Let k be i(2). Let p = 10 - k. Suppose 3*r - 8*r + p = 0. What are the prime factors of r?
3
Let t = 481 + -300. What are the prime factors of t?
181
Suppose -4*c + 39 = 15. Suppose -m - 15 = -c*m. What are the prime factors of m?
3
Suppose -30*d + 196 = -28*d. List the prime factors of d.
2, 7
Let y = -10 + 5. Let t(g) = -g**3 - 4*g**2 + 2*g - 4. What are the prime factors of t(y)?
11
Let w be (-6)/(0 - (3 - 1)). Suppose b - u - 2*u + 7 = 0, 13 = 2*b + w*u. List the prime factors of b.
2
Let r(t) = -2*t**3 - 22*t**2 - 13*t + 26. Let c(p) = -p**3 - 11*p**2 - 7*p + 13. Let x(g) = 5*c(g) - 2*r(g). What are the prime factors of x(-10)?
3
Suppose -5*t - d + 634 = 0, 0 = 3*d - 0 + 3. List the prime factors of t.
127
Suppose 15 = -3*v, 4*k + v + 23 = -2*v. What are the prime factors of (1 - -3)*(-9)/k?
2, 3
Let h be (2/6)/(1/(-3)). Let v = 1 - h. Suppose -2*s = s + 5*y - 6, -v*y - 2 = -s. What are the prime factors of s?
2
Let p(q) = q + 12. Let s be p(-8). Suppose -10 = -s*t - 2. What are the prime factors of t?
2
Suppose 3*v + 606 = 6*v. What are the prime factors of v?
2, 101
Let m(d) = -d**3 + 33*d**2 - 25*d + 13. What are the prime factors of m(32)?
3, 79
Suppose 0 = s + 2*u - 5, 3*s - u = u + 7. Suppose a - s = 19. List the prime factors of a.
2, 11
Suppose -6 = n - 0*n. Let a(x) = x**2 + 6*x. Let o be a(n). List the prime factors of (2 + o)/((-4)/(-22)).
11
Let v = 66 - -38. List the prime factors of v.
2, 13
Suppose -2*z + 0*z - 10 = 0. What are the prime factors of 8 + z/((-15)/(-6))?
2, 3
Let s = -7 + 6. Let i = 11 + s. What are the prime factors of i?
2, 5
Let y = -2 - -12. Suppose 2*r = -0*r - y. Let c(n) = -n**3 - 6*n**2 - 6*n - 3. What are the prime factors of c(r)?
2
Suppose 7*q = 1445 - 255. List the prime factors of q.
2, 5, 17
Let w(s) be the second derivative of 0 + s + 1/12*s**4 + 2/3*s**3 - 2*s**2. What are the prime factors of w(-6)?
2
Suppose 4*m - 1 = -2*j + m, 4*j = -2*m + 6. What are the prime factors of (-1 + j)/1*25?
5
Let q(o) = o. Let m(w) = 8*w + 5. Let x(i) = 2*m(i) - 14*q(i). List the prime factors of x(0).
2, 5
Let d = 0 + 3. Suppose 0 = i + x - 37, d*x = -4*i + 3*i + 29. What are the prime factors of i?
41
Suppose -785 = -4*d - 4*s + 91, 4*s - 1091 = -5*d. List the prime factors of d.
5, 43
Suppose -7*f + 190 = -2*f. What are the prime factors of f?
2, 19
Suppose 2*p - 70 = -3*m + 61, -5*m + 197 = -2*p. Let h = m + -26. What are the prime factors of h?
3, 5
Suppose 2*p + 0*p = -2*d + 168, 252 = 3*d - 2*p. What are the prime factors of d?
2, 3, 7
Let z = 140 + -143. Suppose -11 = -k - 5*x, 1 + 16 = 2*k + 5*x. Let q = k + z. What are the prime factors of q?
3
Suppose 129 = 2*t + 3*j, 0 = -j - 0 + 3. Let z = t + -32. What are the prime factors of z?
2, 7
Suppose -3*n + 1043 = -3*t + 377, -4*t = 0. What are the prime factors of n?
2, 3, 37
Suppose q + 0*j - 2*j - 7 = 0, -5*q + 5*j + 20 = 0. What are the prime factors of (-7)/(-1 + q + -1)?
7
Let s be (-4)/6 - 8/(-3). Let d(r) = -4*r + 6. Let x be d(-6). Suppose s*m = -0*m + x. List the prime factors of m.
3, 5
Let k(w) = w**2 - w. What are the prime factors of k(-1)?
2
Let b = 357 + -193. What are the prime factors of b?
2, 41
Let m(b) be the first derivative of 2 - 1/4*b**4 + 4*b**2 + 4/3*b**3 - 5*b. What are the prime factors of m(5)?
2, 5
Let p = -161 + 316. List the prime factors of p.
5, 31
Suppose -4*s + 5*m = -32, -4*m - 23 = -5*s - 2*m. Suppose 433 - 149 = 5*q - g, 5*q + s*g - 268 = 0. What are the prime factors of q?
2, 7
Let y(b) = b**2 - 3*b - 3. Let f be y(6). Let a = f + -9. List the prime factors of a.
2, 3
Suppose c = -5*o + o + 66, 0 = c - 2. Let s = -10 + o. Suppose -i = i - s. List the prime factors of i.
3
Suppose -4*d = -5*d + 18. List the prime factors of d.
2, 3
Let m(l) = -l - 1. Let i(y) = 1